x, 22 = -4*r - 5*x. Calculate the remainder when 199 is divided by 106 + (-3)/1 + r.
99
Let r = 32 - 18. Let a = r - -3. Let m = 31167 - 31119. What is the remainder when m is divided by a?
14
Let l(a) = 3*a - 6. Let z = -6 - -7. What is the remainder when 56 - -1*(1 + z) is divided by l(12)?
28
Let g = 72 + -14. What is the remainder when 2899 is divided by g?
57
Suppose -4*n - 3*b + 53 = 0, -3*n + 2*b + 42 = 5*b. What is the remainder when 6*(-6)/(-18) + (-95)/(-5) is divided by n?
10
Suppose 3*o - v - 592 = -0*o, -o = v - 204. What is the remainder when o is divided by 38?
9
Let s(u) = 4*u**2 + 8*u + 1. Suppose 0 = 621*d + 148*d - 3076. What is the remainder when s(6) is divided by d?
1
Let j(s) be the third derivative of s**6/60 - 2*s**5/15 - 5*s**4/6 - 7*s**3/6 - 194*s**2. What is the remainder when j(7) is divided by 77?
70
Let o(q) = 16*q**2 - 176*q - 698. Calculate the remainder when o(-4) is divided by 141.
121
Suppose 4*w - 30 = 38. Let x(u) = -u**3 - 10*u**2 + 151*u - 13. What is the remainder when x(8) is divided by w?
9
Suppose 154 = 6*w + 5*w. Let l = w - -38. Calculate the remainder when 361 is divided by l.
49
Suppose -136*n + 106*n = -7950 - 4020. Suppose -b = -6*b + 400. Calculate the remainder when n is divided by b.
79
Let p = -43 - -43. Suppose -3*l - 15 + 120 = p. What is the remainder when l is divided by 9?
8
Let c = 7197 - 7121. What is the remainder when 242 is divided by c?
14
Let s(g) = 10*g**2 - 10*g - 22. Calculate the remainder when s(7) is divided by 90.
38
Let n be 3/(-12) - (-574)/56. Calculate the remainder when 122 is divided by (n/50)/((-3)/(-465)).
29
Suppose 10 + 206 = 4*w. Suppose w = 7*q - 149. Let z = -27 + q. Calculate the remainder when 8 is divided by z.
0
Suppose -3*c - 2893 + 791 = -5*c. What is the remainder when c is divided by 81?
79
Suppose l - 425 = -4*l. Let z(t) = t**3 - 27*t**2 + 54*t - 71. Calculate the remainder when l is divided by z(25).
27
Let g be (-3 - (1 + -2)) + 16. What is the remainder when 1308/36 + 45/27 is divided by (-1)/(1 - g/13)?
12
Let q = 9 + -3. Let c be (38 - 35)*(-2)/(-3). Suppose -4*b + c = -s, 0 = -2*s + 4*b - 19 + 27. What is the remainder when s is divided by q?
4
Calculate the remainder when ((-48)/32)/((-3 - 0)*(-6)/(-17520)) is divided by 34.
32
Let u(f) = 54*f**2 - 895*f + 17. Calculate the remainder when u(17) is divided by 23.
17
Suppose -w - 4 = 0, 4*w = -9*p + 7*p + 12. Calculate the remainder when 88 is divided by p.
4
Let a(z) = -3*z**2 + 26*z + 15. Let d be a(10). Suppose -5*s = -2*s - 6. Let c = s - d. What is the remainder when c is divided by 14?
13
Let r(w) = 118*w + 12. Suppose 3*p + 34 = 22. Let q be r(p). What is the remainder when 6/4*q/(-15) is divided by 26?
20
Suppose -4*i - 5*a + 1 = -10, -5*a = 3*i - 12. Let n be i - (-22)/(-3) - (-3)/9. Let l(v) = v + 14. Calculate the remainder when l(n) is divided by 3.
0
Let o = 3399 - 3397. Calculate the remainder when 1331 is divided by o.
1
What is the remainder when 102 is divided by (25/(200/48))/(6/26)?
24
Suppose 2*w - 82 + 106 = 0. Let t(y) = 4*y + 63. Suppose 5*z = 138 + 7. Calculate the remainder when z is divided by t(w).
14
Suppose 24*z = 480 + 1296. What is the remainder when z is divided by 44?
30
Let h(k) = -k**3 - 14*k**2 - 97*k - 12. Let g be h(-6). What is the remainder when ((-204)/(-14))/(g/2632) is divided by 28?
24
Let k = 3900 + -3304. What is the remainder when k is divided by 100?
96
Let t = 29604 + -26206. What is the remainder when t is divided by 40?
38
Let a be ((-1 - 21) + 3)*(0 - 1). Suppose -a*l = -18*l - 2. Suppose -5*r - t = l*t - 632, -5*r - 4*t + 636 = 0. Calculate the remainder when r is divided by 21.
19
Suppose 21*d - 8842 - 7232 = -17*d. Calculate the remainder when d is divided by 85.
83
Suppose 4*w + 86 = -4*v - 54, -2*v - 4*w - 70 = 0. Let j be 2/(-10) - 7/v. Suppose j = 10*b - 6*b - 48. What is the remainder when b is divided by 8?
4
Let g(y) = -473*y - 1365. Let u = -7 + 11. Suppose 0 = -6*w + u*w + 38. What is the remainder when g(-3) is divided by w?
16
Let g(c) = -c**2 + 10*c + 15. Let r be 1/3*(14 + 19). Let n(t) = -t + 12. What is the remainder when n(5) is divided by g(r)?
3
Let i(a) = -a**3 - 9*a**2 + 9*a - 3. Suppose p = -4*d + 137, -5*p = 2*d - 10*p - 63. Calculate the remainder when d is divided by i(-10).
6
Let s(d) = -12*d + 288. What is the remainder when 904 is divided by s(20)?
40
Suppose 0 = -5*p + 4*t + 19, 3*p - t - 5 = 3*t. Suppose p*b - 173 = 128. Let q = -16 + b. What is the remainder when 80 is divided by q?
26
Suppose 4*o = 4*z - 80, -z = -6*o + 8*o - 20. What is the remainder when 127 is divided by (-18 + z)*(13 - 0)?
23
Calculate the remainder when (-2)/(-4) - (-1719)/18 is divided by 27*1 - (-132 - -122).
22
Let d = 30 + -74. Let i = d + 93. Suppose 2*j - 37 = -3*p, 5*p - 33 - 27 = -5*j. Calculate the remainder when i is divided by p.
10
Let n(c) = -2*c**2 - 2*c. Let m be -3 + (0/5 - 0/3). Let h be n(m). What is the remainder when 14 is divided by 12*h/30*(-10)/12?
2
Suppose 5*u + 3*k = 380, u + 2*k - 76 = -0*k. Suppose 76*m - u = 72*m. Calculate the remainder when (-524)/(-14) - (-51)/(-119) is divided by m.
18
Suppose -764 - 946 = -12*g - 1170. Calculate the remainder when 1263 is divided by g.
3
Let v be 3*1/4*3660/61. Suppose -k + 3*k + h - 81 = 0, -k + h = -v. Calculate the remainder when 753 is divided by k.
39
Let j = 1 - 1. Suppose 230 + 130 = n + 5*y, 0 = -5*n - 5*y + 1800. Suppose 3*t - 12 = j, -4*q = t + t - n. What is the remainder when q is divided by 30?
28
Let w = 2214 - 552. What is the remainder when w is divided by 237?
3
Suppose -2*m + m + 54 = 0. Suppose 3*z - j = -80, 0 = z - 5*z + 2*j - 106. What is the remainder when m is divided by (-531)/z - 10/15?
16
Let w = -1083 + 1189. Calculate the remainder when w is divided by (3/9 + 1)/(3/72).
10
Let u = 2455 - 2301. What is the remainder when u is divided by 79?
75
Let p(l) = -228*l + 3259. What is the remainder when p(13) is divided by 27?
25
Suppose -5*w = 3*x - 11883, -2560 = 3*w + 3*x - 9691. Calculate the remainder when w is divided by 68.
64
Let c(r) = -r**3 - 7*r**2 - 64*r - 47. Suppose 2*u = -5*i + i + 48, 5*i - 4*u = 86. Calculate the remainder when c(-8) is divided by i.
11
Suppose -10*b - 56*b - 34*b + 3400 = 0. Let c(r) be the third derivative of 11*r**4/6 + r**3/2 + r**2. Calculate the remainder when c(3) is divided by b.
33
Suppose 77*b - 32479 = 3865. Calculate the remainder when b is divided by 155.
7
Let s(a) = 7*a + 1. Let f be 178/5 - ((-66)/15 + 5). Suppose m = 40 - f. Calculate the remainder when s(1) is divided by m.
3
Suppose r + 75 = 6*r. What is the remainder when 358 is divided by r?
13
Suppose 16*y - 61 = -3*k + 21*y, 3*k = 2*y + 55. Calculate the remainder when 923 is divided by k.
5
Let h(j) = -163*j + 991. Calculate the remainder when h(-12) is divided by 736.
3
Let p(j) = -2*j**3 - 3*j + 5. Let v be p(2). Let k = v + 25. Calculate the remainder when 48 is divided by 1/((k/52)/2).
9
Calculate the remainder when (-16)/(-24) - 1465/(-3) is divided by 12.
9
Suppose -2774*k = -2773*k - 5, 544 = 4*x + 4*k. Suppose h + 3*q = q + 19, -h + 4*q + 43 = 0. Calculate the remainder when x is divided by h.
23
Suppose -4*a = n - 12*a - 113, 5*a = -10. Calculate the remainder when n is divided by 91.
6
Let w(l) = 24*l**2 + 2*l - 3. Suppose 2*z = 4*z - f + 1, 0 = 3*f - 9. What is the remainder when w(z) is divided by 15?
8
Suppose 5277 = 45*w + 1272. Let r(h) = 6*h**3 + 2*h**2 - 4*h + 2. What is the remainder when w is divided by r(1)?
5
Suppose -5*s = -4*n - s + 52, -s - 5 = 0. Let g(x) = 81 - n*x - 3*x - 5*x**2 + x + 4*x**2. What is the remainder when g(-13) is divided by 13?
3
Suppose -4*l + 55 = -61. Suppose -n + 3*r = 78, -15 + 108 = -n - 2*r. Let j = n - -96. What is the remainder when l is divided by j?
2
Suppose 123 = 3*v - 3*z - 0*z, 3*z + 160 = 4*v. Let n be (-120)/(-2) - (3 + -1). Let r = n - v. What is the remainder when r is divided by 11?
10
Let g(s) = -s**3 - 10*s**2 - 9*s + 33. Calculate the remainder when 260 is divided by g(-9).
29
Let v = 553 - 561. Calculate the remainder when (-3988)/(-10) + (416/65)/v is divided by 40.
38
Let f(p) = -51*p - 189. Calculate the remainder when f(-15) is divided by 53.
46
Let h be 16 - ((-3)/(-1) 